{"id":311,"date":"2020-11-10T18:14:35","date_gmt":"2020-11-10T18:14:35","guid":{"rendered":"https:\/\/demosites.io\/digital-store-gb\/?page_id=311"},"modified":"2022-04-08T14:55:19","modified_gmt":"2022-04-08T14:55:19","slug":"5c40f-home","status":"publish","type":"page","link":"https:\/\/test.katircioglumimarlik.com\/","title":{"rendered":"Kat\u0131rc\u0131o\u011flu Mimarl\u0131k"},"content":{"rendered":"\n<div class=\"wp-block-cover alignfull\" style=\"min-height:600px\"><span aria-hidden=\"true\" class=\"has-nv-site-bg-background-color has-background-dim-100 wp-block-cover__gradient-background has-background-dim\"><\/span><div class=\"wp-block-cover__inner-container\">\n<div class=\"wp-container-2 wp-block-group\"><div class=\"wp-block-group__inner-container\">\n<h1 class=\"has-text-align-center has-neve-text-color-color has-text-color\">Deneme Yap\u0131yoruz<\/h1>\n\n\n\n<p class=\"has-text-align-center has-neve-text-color-color has-text-color\" style=\"font-size:22px\">Awesome photo prints on high-quality paper<\/p>\n\n\n\n<div style=\"height:20px\" aria-hidden=\"true\" class=\"wp-block-spacer\"><\/div>\n\n\n\n<div class=\"wp-container-1 wp-block-buttons\">\n<div class=\"wp-block-button is-style-primary\"><a class=\"wp-block-button__link\" href=\"https:\/\/test.katircioglumimarlik.com\/shop\/\">Go to Shop<\/a><\/div>\n<\/div>\n<\/div><\/div>\n<\/div><\/div>\n\n\n\n<div class=\"wp-block-cover alignfull\" style=\"min-height:600px\"><span aria-hidden=\"true\" class=\"has-nv-light-bg-background-color has-background-dim-100 wp-block-cover__gradient-background has-background-dim\"><\/span><div class=\"wp-block-cover__inner-container\">\n<div style=\"height:80px\" aria-hidden=\"true\" class=\"wp-block-spacer\"><\/div>\n\n\n\n<div class=\"wp-container-3 wp-block-group\"><div class=\"wp-block-group__inner-container\">\n<div class=\"wp-block-columns\">\n<div class=\"wp-block-column\"><div data-block-name=\"woocommerce\/featured-category\" data-edit-mode=\"false\" data-category-id=\"16\" class=\"wc-block-featured-category alignnone has-background-dim wp-block-woocommerce-featured-category\" style=\"background-image:url(https:\/\/test.katircioglumimarlik.com\/wp-content\/uploads\/2020\/11\/des-recits-KD8jKVdCFoQ-unsplash.jpg);min-height:500px;\"><div class=\"wc-block-featured-category__wrapper\"><h2 class=\"wc-block-featured-category__title\">Animals<\/h2><div class=\"wc-block-featured-category__description\"><\/div><div class=\"wc-block-featured-category__link\">\n\n<div class=\"wp-block-button aligncenter is-style-primary\"><a class=\"wp-block-button__link has-nv-text-dark-bg-color has-text-color\" href=\"https:\/\/test.katircioglumimarlik.com\/product-category\/computers\/\">Shop now<\/a><\/div>\n\n<\/div><\/div><\/div><\/div>\n\n\n\n<div class=\"wp-block-column\"><div data-block-name=\"woocommerce\/featured-category\" data-category-id=\"18\" class=\"wc-block-featured-category alignnone has-background-dim wp-block-woocommerce-featured-category\" style=\"background-image:url(https:\/\/test.katircioglumimarlik.com\/wp-content\/uploads\/2020\/11\/chandler-hilken-7EyBXFpenQw-unsplash.jpg);min-height:500px;\"><div class=\"wc-block-featured-category__wrapper\"><h2 class=\"wc-block-featured-category__title\">People<\/h2><div class=\"wc-block-featured-category__description\"><\/div><div class=\"wc-block-featured-category__link\">\n\n<div class=\"wp-block-button aligncenter is-style-primary\"><a class=\"wp-block-button__link has-nv-text-dark-bg-color has-text-color\" href=\"https:\/\/test.katircioglumimarlik.com\/product-category\/landscape\/\">Shop now<\/a><\/div>\n\n<\/div><\/div><\/div><\/div>\n\n\n\n<div class=\"wp-block-column\"><div data-block-name=\"woocommerce\/featured-category\" data-edit-mode=\"false\" data-category-id=\"18\" class=\"wc-block-featured-category alignnone has-background-dim wp-block-woocommerce-featured-category\" style=\"background-image:url(https:\/\/test.katircioglumimarlik.com\/wp-content\/uploads\/2020\/11\/chandler-hilken-7EyBXFpenQw-unsplash.jpg);min-height:500px;\"><div class=\"wc-block-featured-category__wrapper\"><h2 class=\"wc-block-featured-category__title\">People<\/h2><div class=\"wc-block-featured-category__description\"><\/div><div class=\"wc-block-featured-category__link\">\n\n<div class=\"wp-block-button aligncenter is-style-primary\"><a class=\"wp-block-button__link has-nv-text-dark-bg-color has-text-color\" href=\"https:\/\/test.katircioglumimarlik.com\/product-category\/people\/\">Shop now<\/a><\/div>\n\n<\/div><\/div><\/div><\/div>\n<\/div>\n\n\n<div data-block-name=\"woocommerce\/featured-category\" data-edit-mode=\"false\" data-category-id=\"19\" class=\"wc-block-featured-category alignnone has-background-dim wp-block-woocommerce-featured-category\" style=\"background-image:url(https:\/\/test.katircioglumimarlik.com\/wp-content\/uploads\/2020\/11\/usgs-CGxdRJknf4I-unsplash.jpg);min-height:500px;\"><div class=\"wc-block-featured-category__wrapper\"><h2 class=\"wc-block-featured-category__title\">Top view<\/h2><div class=\"wc-block-featured-category__description\"><\/div><div class=\"wc-block-featured-category__link\">\n\n<div class=\"wp-block-button aligncenter is-style-primary\"><a class=\"wp-block-button__link has-nv-text-dark-bg-color has-text-color\" href=\"https:\/\/test.katircioglumimarlik.com\/product-category\/top-view\/\">Shop now<\/a><\/div>\n\n<\/div><\/div><\/div><\/div><\/div>\n\n\n\n<div class=\"wp-container-4 wp-block-group\"><div class=\"wp-block-group__inner-container\"><\/div><\/div>\n\n\n\n<div style=\"height:80px\" aria-hidden=\"true\" class=\"wp-block-spacer\"><\/div>\n<\/div><\/div>\n\n\n\n<div class=\"wp-container-6 wp-block-group\"><div class=\"wp-block-group__inner-container\">\n<div style=\"height:100px\" aria-hidden=\"true\" class=\"wp-block-spacer\"><\/div>\n\n\n\n<div class=\"wp-container-5 wp-block-group alignwide\"><div class=\"wp-block-group__inner-container\"><\/div><\/div>\n\n\n\n<div class=\"wp-block-columns\">\n<div class=\"wp-block-column is-vertically-aligned-center\">\n<h2 class=\"has-text-align-left\">Customer reviews<\/h2>\n\n\n\n<p class=\"has-text-align-left\">Enjoy Free Shipping Worldwide for all orders, until December 2020.<\/p>\n\n\n\n<p><a href=\"https:\/\/test.katircioglumimarlik.com\/news\/\" data-type=\"page\" data-id=\"209\">Go to blog.<\/a><\/p>\n<\/div>\n\n\n\n<div class=\"wp-block-column\">\n<div style=\"height:20px\" aria-hidden=\"true\" class=\"wp-block-spacer\"><\/div>\n\n\n\n<div class=\"wp-block-image is-style-rounded\"><figure class=\"alignleft size-large is-resized\"><img loading=\"lazy\" src=\"https:\/\/test.katircioglumimarlik.com\/wp-content\/uploads\/2020\/02\/neve-electronics-store-26.jpg\" alt=\"\" class=\"wp-image-57\" width=\"120\" height=\"120\"\/><\/figure><\/div>\n\n\n\n<p>&#8220;I love the prints! Awesome quality and quick delivery. Very well packed!&#8230;&#8221;<\/p>\n\n\n\n<p style=\"font-size:15px\"><strong><em>Josh, USA<\/em><\/strong><\/p>\n<\/div>\n\n\n\n<div class=\"wp-block-column\">\n<div style=\"height:20px\" aria-hidden=\"true\" class=\"wp-block-spacer\"><\/div>\n\n\n\n<div class=\"wp-block-image is-style-rounded\"><figure class=\"alignleft size-large is-resized\"><img loading=\"lazy\" src=\"https:\/\/test.katircioglumimarlik.com\/wp-content\/uploads\/2020\/02\/neve-electronics-store-27.jpg\" alt=\"\" class=\"wp-image-58\" width=\"120\" height=\"120\"\/><\/figure><\/div>\n\n\n\n<p>&#8220;I just love the quality of these prints. Thanks!!&#8221;<\/p>\n\n\n\n<p style=\"font-size:15px\"><strong><em>Anna, USA<\/em><\/strong><\/p>\n<\/div>\n<\/div>\n\n\n\n<div style=\"height:100px\" aria-hidden=\"true\" class=\"wp-block-spacer\"><\/div>\n<\/div><\/div>\n\n\n\n<div class=\"wp-block-columns\">\n<div class=\"wp-block-column\" style=\"flex-basis:50%\"><div data-block-name=\"woocommerce\/featured-product\" data-edit-mode=\"false\" data-product-id=\"312\" data-show-desc=\"false\" class=\"wc-block-featured-product alignnone has-background-dim\" style=\"background-image:url(https:\/\/test.katircioglumimarlik.com\/wp-content\/uploads\/2020\/11\/usgs-XFWg9u0TYs4-unsplash.jpg);min-height:500px;\"><div class=\"wc-block-featured-product__wrapper\"><h2 class=\"wc-block-featured-product__title\">Sky view 1<\/h2><div class=\"wc-block-featured-product__price\"><span class=\"woocommerce-Price-amount amount\"><span class=\"woocommerce-Price-currencySymbol\">&#036;<\/span>30.00<\/span><\/div><div class=\"wc-block-featured-product__link\">\n\n<div class=\"wp-block-button aligncenter is-style-primary\"><a class=\"wp-block-button__link has-nv-text-dark-bg-color has-text-color\" href=\"https:\/\/test.katircioglumimarlik.com\/product\/sky-view-1\/\">Shop now<\/a><\/div>\n\n<\/div><\/div><\/div><\/div>\n\n\n\n<div class=\"wp-block-column is-vertically-aligned-center\" style=\"flex-basis:50%\">\n<h2>Featured Artwork: Sky View<\/h2>\n\n\n\n<p>The algorithm is used by health care providers to screen patients for &#8220;high-risk care management&#8221; intervention. Under this system, patients who have especially complex medical needs are automatically flagged by the algorithm. <\/p>\n\n\n\n<p>As the researchers note, the system is widely used around the United States, and for good reason. Extra benefits like dedicated nurses and more primary care appointments are costly for health care providers.<\/p>\n<\/div>\n<\/div>\n\n\n\n<div style=\"height:100px\" aria-hidden=\"true\" class=\"wp-block-spacer\"><\/div>\n","protected":false},"excerpt":{"rendered":"<p>Customer reviews Enjoy Free Shipping Worldwide for all orders, until December 2020. Go to blog. &#8220;I love the prints! Awesome quality and quick delivery. Very well packed!&#8230;&#8221; Josh, USA &#8220;I just love the quality of these prints. Thanks!!&#8221; Anna, USA Featured Artwork: Sky View The algorithm is used by health care providers to screen patients&hellip;&nbsp;<a href=\"https:\/\/test.katircioglumimarlik.com\/\" class=\"\" rel=\"bookmark\">Daha fazlas\u0131n\u0131 oku &raquo;<span class=\"screen-reader-text\">Kat\u0131rc\u0131o\u011flu Mimarl\u0131k<\/span><\/a><\/p>\n","protected":false},"author":1,"featured_media":0,"parent":0,"menu_order":0,"comment_status":"closed","ping_status":"closed","template":"","meta":{"neve_meta_sidebar":"full-width","neve_meta_container":"","neve_meta_enable_content_width":"on","neve_meta_content_width":100,"neve_meta_title_alignment":"","neve_meta_author_avatar":"","neve_post_elements_order":"","neve_meta_disable_header":"","neve_meta_disable_footer":"","neve_meta_disable_title":"on","_ti_tpc_template_sync":false,"_ti_tpc_template_id":"vflyekaihfi1tpg6oavi"},"yoast_head":"<!-- This site is optimized with the Yoast SEO plugin v18.5.1 - https:\/\/yoast.com\/wordpress\/plugins\/seo\/ -->\n<title>Kat\u0131rc\u0131o\u011flu Mimarl\u0131k - Kat\u0131rc\u0131o\u011flu Mimarl\u0131k<\/title>\n<meta name=\"robots\" content=\"index, follow, max-snippet:-1, max-image-preview:large, max-video-preview:-1\" \/>\n<link rel=\"canonical\" href=\"https:\/\/test.katircioglumimarlik.com\/\" \/>\n<meta property=\"og:locale\" content=\"tr_TR\" \/>\n<meta property=\"og:type\" content=\"article\" \/>\n<meta property=\"og:title\" content=\"Kat\u0131rc\u0131o\u011flu Mimarl\u0131k - Kat\u0131rc\u0131o\u011flu Mimarl\u0131k\" \/>\n<meta property=\"og:description\" content=\"Customer reviews Enjoy Free Shipping Worldwide for all orders, until December 2020. Go to blog. &#8220;I love the prints! Awesome quality and quick delivery. Very well packed!&#8230;&#8221; Josh, USA &#8220;I just love the quality of these prints. Thanks!!&#8221; Anna, USA Featured Artwork: Sky View The algorithm is used by health care providers to screen patients&hellip;&nbsp;Daha fazlas\u0131n\u0131 oku &raquo;Kat\u0131rc\u0131o\u011flu Mimarl\u0131k\" \/>\n<meta property=\"og:url\" content=\"https:\/\/test.katircioglumimarlik.com\/\" \/>\n<meta property=\"og:site_name\" content=\"Kat\u0131rc\u0131o\u011flu Mimarl\u0131k\" \/>\n<meta property=\"article:modified_time\" content=\"2022-04-08T14:55:19+00:00\" \/>\n<meta property=\"og:image\" content=\"https:\/\/test.katircioglumimarlik.com\/wp-content\/uploads\/2020\/02\/neve-electronics-store-26.jpg\" \/>\n<meta name=\"twitter:card\" content=\"summary_large_image\" \/>\n<meta name=\"twitter:label1\" content=\"Tahmini okuma s\u00fcresi\" \/>\n\t<meta name=\"twitter:data1\" content=\"2 dakika\" \/>\n<script type=\"application\/ld+json\" class=\"yoast-schema-graph\">{\"@context\":\"https:\/\/schema.org\",\"@graph\":[{\"@type\":\"WebSite\",\"@id\":\"https:\/\/test.katircioglumimarlik.com\/#website\",\"url\":\"https:\/\/test.katircioglumimarlik.com\/\",\"name\":\"Kat\u0131rc\u0131o\u011flu Mimarl\u0131k\",\"description\":\"Just another WordPress site\",\"potentialAction\":[{\"@type\":\"SearchAction\",\"target\":{\"@type\":\"EntryPoint\",\"urlTemplate\":\"https:\/\/test.katircioglumimarlik.com\/?s={search_term_string}\"},\"query-input\":\"required name=search_term_string\"}],\"inLanguage\":\"tr\"},{\"@type\":\"ImageObject\",\"@id\":\"https:\/\/test.katircioglumimarlik.com\/#primaryimage\",\"inLanguage\":\"tr\",\"url\":\"https:\/\/test.katircioglumimarlik.com\/wp-content\/uploads\/2020\/02\/neve-electronics-store-26.jpg\",\"contentUrl\":\"https:\/\/test.katircioglumimarlik.com\/wp-content\/uploads\/2020\/02\/neve-electronics-store-26.jpg\",\"width\":300,\"height\":300},{\"@type\":\"WebPage\",\"@id\":\"https:\/\/test.katircioglumimarlik.com\/#webpage\",\"url\":\"https:\/\/test.katircioglumimarlik.com\/\",\"name\":\"Kat\u0131rc\u0131o\u011flu Mimarl\u0131k - Kat\u0131rc\u0131o\u011flu Mimarl\u0131k\",\"isPartOf\":{\"@id\":\"https:\/\/test.katircioglumimarlik.com\/#website\"},\"primaryImageOfPage\":{\"@id\":\"https:\/\/test.katircioglumimarlik.com\/#primaryimage\"},\"datePublished\":\"2020-11-10T18:14:35+00:00\",\"dateModified\":\"2022-04-08T14:55:19+00:00\",\"breadcrumb\":{\"@id\":\"https:\/\/test.katircioglumimarlik.com\/#breadcrumb\"},\"inLanguage\":\"tr\",\"potentialAction\":[{\"@type\":\"ReadAction\",\"target\":[\"https:\/\/test.katircioglumimarlik.com\/\"]}]},{\"@type\":\"BreadcrumbList\",\"@id\":\"https:\/\/test.katircioglumimarlik.com\/#breadcrumb\",\"itemListElement\":[{\"@type\":\"ListItem\",\"position\":1,\"name\":\"Anasayfa\",\"item\":\"https:\/\/test.katircioglumimarlik.com\/\"},{\"@type\":\"ListItem\",\"position\":2,\"name\":\"Kat\u0131rc\u0131o\u011flu Mimarl\u0131k\"}]}]}<\/script>\n<!-- \/ Yoast SEO plugin. -->","yoast_head_json":{"title":"Kat\u0131rc\u0131o\u011flu Mimarl\u0131k - Kat\u0131rc\u0131o\u011flu Mimarl\u0131k","robots":{"index":"index","follow":"follow","max-snippet":"max-snippet:-1","max-image-preview":"max-image-preview:large","max-video-preview":"max-video-preview:-1"},"canonical":"https:\/\/test.katircioglumimarlik.com\/","og_locale":"tr_TR","og_type":"article","og_title":"Kat\u0131rc\u0131o\u011flu Mimarl\u0131k - Kat\u0131rc\u0131o\u011flu Mimarl\u0131k","og_description":"Customer reviews Enjoy Free Shipping Worldwide for all orders, until December 2020. Go to blog. &#8220;I love the prints! Awesome quality and quick delivery. Very well packed!&#8230;&#8221; Josh, USA &#8220;I just love the quality of these prints. Thanks!!&#8221; Anna, USA Featured Artwork: Sky View The algorithm is used by health care providers to screen patients&hellip;&nbsp;Daha fazlas\u0131n\u0131 oku &raquo;Kat\u0131rc\u0131o\u011flu Mimarl\u0131k","og_url":"https:\/\/test.katircioglumimarlik.com\/","og_site_name":"Kat\u0131rc\u0131o\u011flu Mimarl\u0131k","article_modified_time":"2022-04-08T14:55:19+00:00","og_image":[{"url":"https:\/\/test.katircioglumimarlik.com\/wp-content\/uploads\/2020\/02\/neve-electronics-store-26.jpg"}],"twitter_card":"summary_large_image","twitter_misc":{"Tahmini okuma s\u00fcresi":"2 dakika"},"schema":{"@context":"https:\/\/schema.org","@graph":[{"@type":"WebSite","@id":"https:\/\/test.katircioglumimarlik.com\/#website","url":"https:\/\/test.katircioglumimarlik.com\/","name":"Kat\u0131rc\u0131o\u011flu Mimarl\u0131k","description":"Just another WordPress site","potentialAction":[{"@type":"SearchAction","target":{"@type":"EntryPoint","urlTemplate":"https:\/\/test.katircioglumimarlik.com\/?s={search_term_string}"},"query-input":"required name=search_term_string"}],"inLanguage":"tr"},{"@type":"ImageObject","@id":"https:\/\/test.katircioglumimarlik.com\/#primaryimage","inLanguage":"tr","url":"https:\/\/test.katircioglumimarlik.com\/wp-content\/uploads\/2020\/02\/neve-electronics-store-26.jpg","contentUrl":"https:\/\/test.katircioglumimarlik.com\/wp-content\/uploads\/2020\/02\/neve-electronics-store-26.jpg","width":300,"height":300},{"@type":"WebPage","@id":"https:\/\/test.katircioglumimarlik.com\/#webpage","url":"https:\/\/test.katircioglumimarlik.com\/","name":"Kat\u0131rc\u0131o\u011flu Mimarl\u0131k - Kat\u0131rc\u0131o\u011flu Mimarl\u0131k","isPartOf":{"@id":"https:\/\/test.katircioglumimarlik.com\/#website"},"primaryImageOfPage":{"@id":"https:\/\/test.katircioglumimarlik.com\/#primaryimage"},"datePublished":"2020-11-10T18:14:35+00:00","dateModified":"2022-04-08T14:55:19+00:00","breadcrumb":{"@id":"https:\/\/test.katircioglumimarlik.com\/#breadcrumb"},"inLanguage":"tr","potentialAction":[{"@type":"ReadAction","target":["https:\/\/test.katircioglumimarlik.com\/"]}]},{"@type":"BreadcrumbList","@id":"https:\/\/test.katircioglumimarlik.com\/#breadcrumb","itemListElement":[{"@type":"ListItem","position":1,"name":"Anasayfa","item":"https:\/\/test.katircioglumimarlik.com\/"},{"@type":"ListItem","position":2,"name":"Kat\u0131rc\u0131o\u011flu Mimarl\u0131k"}]}]}},"_links":{"self":[{"href":"https:\/\/test.katircioglumimarlik.com\/index.php\/wp-json\/wp\/v2\/pages\/311"}],"collection":[{"href":"https:\/\/test.katircioglumimarlik.com\/index.php\/wp-json\/wp\/v2\/pages"}],"about":[{"href":"https:\/\/test.katircioglumimarlik.com\/index.php\/wp-json\/wp\/v2\/types\/page"}],"author":[{"embeddable":true,"href":"https:\/\/test.katircioglumimarlik.com\/index.php\/wp-json\/wp\/v2\/users\/1"}],"replies":[{"embeddable":true,"href":"https:\/\/test.katircioglumimarlik.com\/index.php\/wp-json\/wp\/v2\/comments?post=311"}],"version-history":[{"count":3,"href":"https:\/\/test.katircioglumimarlik.com\/index.php\/wp-json\/wp\/v2\/pages\/311\/revisions"}],"predecessor-version":[{"id":373,"href":"https:\/\/test.katircioglumimarlik.com\/index.php\/wp-json\/wp\/v2\/pages\/311\/revisions\/373"}],"wp:attachment":[{"href":"https:\/\/test.katircioglumimarlik.com\/index.php\/wp-json\/wp\/v2\/media?parent=311"}],"curies":[{"name":"wp","href":"https:\/\/api.w.org\/{rel}","templated":true}]}}